{"id":7783,"date":"2025-01-25T00:46:42","date_gmt":"2025-01-25T00:46:42","guid":{"rendered":"https:\/\/easp.org.br\/butiko\/?post_type=product&#038;p=7783"},"modified":"2025-01-29T19:18:39","modified_gmt":"2025-01-29T19:18:39","slug":"r-u-r-2","status":"publish","type":"product","link":"https:\/\/easp.org.br\/butiko\/produto\/r-u-r-2\/","title":{"rendered":"R.U.R."},"content":{"rendered":"<p>Drama de fic\u00e7\u00e3o cient\u00edfica sobre um mundo onde rob\u00f4s substituem os homens. Obra da S\u00e9rie Oriente-Ocidente, n\u00ba 47<\/p>\n","protected":false},"excerpt":{"rendered":"<p>Drama de fic\u00e7\u00e3o cient\u00edfica sobre um mundo onde rob\u00f4s substituem os homens. Obra da S\u00e9rie Oriente-Ocidente, n\u00ba 47<\/p>\n","protected":false},"featured_media":7686,"comment_status":"open","ping_status":"closed","template":"","meta":[],"product_brand":[],"product_cat":[23],"product_tag":[],"class_list":{"0":"post-7783","1":"product","2":"type-product","3":"status-publish","4":"has-post-thumbnail","6":"product_cat-romano","7":"product_shipping_class-livros","9":"first","10":"instock","11":"taxable","12":"shipping-taxable","13":"purchasable","14":"product-type-simple"},"_links":{"self":[{"href":"https:\/\/easp.org.br\/butiko\/wp-json\/wp\/v2\/product\/7783","targetHints":{"allow":["GET"]}}],"collection":[{"href":"https:\/\/easp.org.br\/butiko\/wp-json\/wp\/v2\/product"}],"about":[{"href":"https:\/\/easp.org.br\/butiko\/wp-json\/wp\/v2\/types\/product"}],"replies":[{"embeddable":true,"href":"https:\/\/easp.org.br\/butiko\/wp-json\/wp\/v2\/comments?post=7783"}],"wp:featuredmedia":[{"embeddable":true,"href":"https:\/\/easp.org.br\/butiko\/wp-json\/wp\/v2\/media\/7686"}],"wp:attachment":[{"href":"https:\/\/easp.org.br\/butiko\/wp-json\/wp\/v2\/media?parent=7783"}],"wp:term":[{"taxonomy":"product_brand","embeddable":true,"href":"https:\/\/easp.org.br\/butiko\/wp-json\/wp\/v2\/product_brand?post=7783"},{"taxonomy":"product_cat","embeddable":true,"href":"https:\/\/easp.org.br\/butiko\/wp-json\/wp\/v2\/product_cat?post=7783"},{"taxonomy":"product_tag","embeddable":true,"href":"https:\/\/easp.org.br\/butiko\/wp-json\/wp\/v2\/product_tag?post=7783"}],"curies":[{"name":"wp","href":"https:\/\/api.w.org\/{rel}","templated":true}]}}