{"id":7488,"date":"2025-01-16T18:55:43","date_gmt":"2025-01-16T18:55:43","guid":{"rendered":"https:\/\/easp.org.br\/butiko\/?post_type=product&#038;p=7488"},"modified":"2026-04-01T20:36:43","modified_gmt":"2026-04-01T20:36:43","slug":"helena","status":"publish","type":"product","link":"https:\/\/easp.org.br\/butiko\/produto\/helena\/","title":{"rendered":"Helena"},"content":{"rendered":"<p>A hist\u00f3ria tem como cen\u00e1rio o tradicional bairro do Andara\u00ed, localizado no Rio de Janeiro. Narrado em terceira pessoa por um narrador onisciente, o romance machadiano ambientado durante o s\u00e9culo XIX narra as surpresas e desgra\u00e7as de um amor proibido.<\/p>\n","protected":false},"excerpt":{"rendered":"<p>A hist\u00f3ria tem como cen\u00e1rio o tradicional bairro do Andara\u00ed, localizado no Rio de Janeiro. Narrado em terceira pessoa por um narrador onisciente, o romance machadiano ambientado durante o s\u00e9culo XIX narra as surpresas e desgra\u00e7as de um amor proibido.<\/p>\n","protected":false},"featured_media":7654,"comment_status":"open","ping_status":"closed","template":"","meta":[],"product_brand":[],"product_cat":[23],"product_tag":[],"class_list":{"0":"post-7488","1":"product","2":"type-product","3":"status-publish","4":"has-post-thumbnail","6":"product_cat-romano","7":"product_shipping_class-livros","9":"first","10":"instock","11":"featured","12":"taxable","13":"shipping-taxable","14":"purchasable","15":"product-type-simple"},"_links":{"self":[{"href":"https:\/\/easp.org.br\/butiko\/wp-json\/wp\/v2\/product\/7488","targetHints":{"allow":["GET"]}}],"collection":[{"href":"https:\/\/easp.org.br\/butiko\/wp-json\/wp\/v2\/product"}],"about":[{"href":"https:\/\/easp.org.br\/butiko\/wp-json\/wp\/v2\/types\/product"}],"replies":[{"embeddable":true,"href":"https:\/\/easp.org.br\/butiko\/wp-json\/wp\/v2\/comments?post=7488"}],"wp:featuredmedia":[{"embeddable":true,"href":"https:\/\/easp.org.br\/butiko\/wp-json\/wp\/v2\/media\/7654"}],"wp:attachment":[{"href":"https:\/\/easp.org.br\/butiko\/wp-json\/wp\/v2\/media?parent=7488"}],"wp:term":[{"taxonomy":"product_brand","embeddable":true,"href":"https:\/\/easp.org.br\/butiko\/wp-json\/wp\/v2\/product_brand?post=7488"},{"taxonomy":"product_cat","embeddable":true,"href":"https:\/\/easp.org.br\/butiko\/wp-json\/wp\/v2\/product_cat?post=7488"},{"taxonomy":"product_tag","embeddable":true,"href":"https:\/\/easp.org.br\/butiko\/wp-json\/wp\/v2\/product_tag?post=7488"}],"curies":[{"name":"wp","href":"https:\/\/api.w.org\/{rel}","templated":true}]}}