{"id":7427,"date":"2025-01-16T17:43:34","date_gmt":"2025-01-16T17:43:34","guid":{"rendered":"https:\/\/easp.org.br\/butiko\/?post_type=product&#038;p=7427"},"modified":"2026-03-31T09:11:25","modified_gmt":"2026-03-31T09:11:25","slug":"florville-kaj-courval-au-fataleco","status":"publish","type":"product","link":"https:\/\/easp.org.br\/butiko\/produto\/florville-kaj-courval-au-fataleco\/","title":{"rendered":"Florville kaj Courval a\u016d fataleco"},"content":{"rendered":"<p>Drama de uma hero\u00edna virtuosa acometida de v\u00e1rios crimes.<\/p>\n","protected":false},"excerpt":{"rendered":"<p>Drama de uma hero\u00edna virtuosa acometida de v\u00e1rios crimes.<\/p>\n","protected":false},"featured_media":7652,"comment_status":"open","ping_status":"closed","template":"","meta":[],"product_brand":[],"product_cat":[23],"product_tag":[],"class_list":{"0":"post-7427","1":"product","2":"type-product","3":"status-publish","4":"has-post-thumbnail","6":"product_cat-romano","7":"product_shipping_class-livros","9":"first","10":"instock","11":"taxable","12":"shipping-taxable","13":"purchasable","14":"product-type-simple"},"_links":{"self":[{"href":"https:\/\/easp.org.br\/butiko\/wp-json\/wp\/v2\/product\/7427","targetHints":{"allow":["GET"]}}],"collection":[{"href":"https:\/\/easp.org.br\/butiko\/wp-json\/wp\/v2\/product"}],"about":[{"href":"https:\/\/easp.org.br\/butiko\/wp-json\/wp\/v2\/types\/product"}],"replies":[{"embeddable":true,"href":"https:\/\/easp.org.br\/butiko\/wp-json\/wp\/v2\/comments?post=7427"}],"wp:featuredmedia":[{"embeddable":true,"href":"https:\/\/easp.org.br\/butiko\/wp-json\/wp\/v2\/media\/7652"}],"wp:attachment":[{"href":"https:\/\/easp.org.br\/butiko\/wp-json\/wp\/v2\/media?parent=7427"}],"wp:term":[{"taxonomy":"product_brand","embeddable":true,"href":"https:\/\/easp.org.br\/butiko\/wp-json\/wp\/v2\/product_brand?post=7427"},{"taxonomy":"product_cat","embeddable":true,"href":"https:\/\/easp.org.br\/butiko\/wp-json\/wp\/v2\/product_cat?post=7427"},{"taxonomy":"product_tag","embeddable":true,"href":"https:\/\/easp.org.br\/butiko\/wp-json\/wp\/v2\/product_tag?post=7427"}],"curies":[{"name":"wp","href":"https:\/\/api.w.org\/{rel}","templated":true}]}}