{"id":4616,"date":"2023-07-16T22:13:28","date_gmt":"2023-07-17T01:13:28","guid":{"rendered":"https:\/\/easp.org.br\/asocio\/?page_id=4616"},"modified":"2026-04-13T08:09:08","modified_gmt":"2026-04-13T11:09:08","slug":"congresso","status":"publish","type":"page","link":"https:\/\/easp.org.br\/asocio\/congresso\/","title":{"rendered":"Congresso"},"content":{"rendered":"\n<div class=\"wp-block-columns is-layout-flex wp-container-core-columns-is-layout-1 wp-block-columns-is-layout-flex\">\n<div class=\"wp-block-column is-layout-flow wp-block-column-is-layout-flow\" style=\"flex-basis:50%\">\n<p>O congresso anual da EASP acontecer\u00e1 novamente em S\u00e3o Jos\u00e9 dos Campos, no mesmo endere\u00e7o (Hotel Ema Palace) entre os dias 26 e 27 de setembro de 2026.<\/p>\n\n\n\n<p><br>O tema do evento deste ano ser\u00e1 <em>\u201cEsperanto e as rela\u00e7\u00f5es pessoais na era digital\u201d.<\/em><\/p>\n\n\n\n<p><br>Para mais informa\u00e7\u00f5es, visite a p\u00e1gina do 18\u00ba Congresso Paulista de Esperanto.<\/p>\n\n\n\n<div class=\"wp-block-advgb-button alignnone is-style-squared\"><a class=\"wp-block-advgb-button_link advgbbtn-2e1cdd21-9e52-487a-a4a1-32fdbacace55\" href=\"https:\/\/evento.easp.org.br\" target=\"_blank\" rel=\"noopener noreferrer\"><span>P\u00e1gina do evento<\/span><\/a><\/div>\n<\/div>\n\n\n\n<div class=\"wp-block-column is-layout-flow wp-block-column-is-layout-flow\" style=\"flex-basis:50%\">\n<figure class=\"wp-block-image size-full is-resized\"><a href=\"https:\/\/evento.easp.org.br\" target=\"_blank\" rel=\"noreferrer noopener\"><img loading=\"lazy\" decoding=\"async\" width=\"500\" height=\"707\" src=\"https:\/\/easp.org.br\/asocio\/wp-content\/uploads\/2026\/04\/mcartaz_18sjc.jpeg\" alt=\"\" class=\"wp-image-5137\" style=\"width:277px;height:auto\" srcset=\"https:\/\/easp.org.br\/asocio\/wp-content\/uploads\/2026\/04\/mcartaz_18sjc.jpeg 500w, https:\/\/easp.org.br\/asocio\/wp-content\/uploads\/2026\/04\/mcartaz_18sjc-212x300.jpeg 212w\" sizes=\"(max-width: 500px) 100vw, 500px\" \/><\/a><\/figure>\n<\/div>\n<\/div>\n\n\n\n<p><\/p>\n<style class=\"advgb-styles-renderer\">.advgbbtn-2e1cdd21-9e52-487a-a4a1-32fdbacace55{font-size:18px;color:#fff !important;background-color:#2196f3 !important;margin:0px 0px 0px 0px !important;padding:10px 30px 10px 30px;border-width:1px !important;border-style:none;border-radius:50px !important;}.advgbbtn-2e1cdd21-9e52-487a-a4a1-32fdbacace55:hover{box-shadow:1px 1px 12px 0px #ccc;opacity:1;transition:all 0.2s ease;}.advgbbtn-2e1cdd21-9e52-487a-a4a1-32fdbacace55 > i {display: none !important;}<\/style>","protected":false},"excerpt":{"rendered":"<p>O congresso anual da EASP acontecer\u00e1 novamente em S\u00e3o Jos\u00e9 dos Campos, no mesmo endere\u00e7o (Hotel Ema Palace) entre os dias 26 e 27 de setembro de 2026. O tema do evento deste ano ser\u00e1 \u201cEsperanto e as rela\u00e7\u00f5es pessoais na era digital\u201d. Para mais informa\u00e7\u00f5es, visite a p\u00e1gina do 18\u00ba Congresso Paulista de Esperanto.<\/p>\n","protected":false},"author":2,"featured_media":5038,"parent":0,"menu_order":0,"comment_status":"closed","ping_status":"closed","template":"","meta":{"advgb_blocks_editor_width":"","advgb_blocks_columns_visual_guide":"","footnotes":""},"class_list":["post-4616","page","type-page","status-publish","has-post-thumbnail","hentry"],"coauthors":[],"author_meta":{"author_link":"https:\/\/easp.org.br\/asocio\/author\/redaktanto\/","display_name":"Redaktanto"},"relative_dates":{"created":"Publicado 3 anos atr\u00e1s","modified":"Atualizado 2 semanas atr\u00e1s"},"absolute_dates":{"created":"Publicado em 16\/07\/2023","modified":"Atualizado em 13\/04\/2026"},"absolute_dates_time":{"created":"Publicado em 16\/07\/2023 22:13","modified":"Atualizado em 13\/04\/2026 08:09"},"featured_img_caption":"","featured_img":"https:\/\/easp.org.br\/asocio\/wp-content\/uploads\/2025\/05\/hotelo1.jpg","series_order":"","_links":{"self":[{"href":"https:\/\/easp.org.br\/asocio\/wp-json\/wp\/v2\/pages\/4616"}],"collection":[{"href":"https:\/\/easp.org.br\/asocio\/wp-json\/wp\/v2\/pages"}],"about":[{"href":"https:\/\/easp.org.br\/asocio\/wp-json\/wp\/v2\/types\/page"}],"author":[{"embeddable":true,"href":"https:\/\/easp.org.br\/asocio\/wp-json\/wp\/v2\/users\/2"}],"replies":[{"embeddable":true,"href":"https:\/\/easp.org.br\/asocio\/wp-json\/wp\/v2\/comments?post=4616"}],"version-history":[{"count":12,"href":"https:\/\/easp.org.br\/asocio\/wp-json\/wp\/v2\/pages\/4616\/revisions"}],"predecessor-version":[{"id":5144,"href":"https:\/\/easp.org.br\/asocio\/wp-json\/wp\/v2\/pages\/4616\/revisions\/5144"}],"wp:featuredmedia":[{"embeddable":true,"href":"https:\/\/easp.org.br\/asocio\/wp-json\/wp\/v2\/media\/5038"}],"wp:attachment":[{"href":"https:\/\/easp.org.br\/asocio\/wp-json\/wp\/v2\/media?parent=4616"}],"curies":[{"name":"wp","href":"https:\/\/api.w.org\/{rel}","templated":true}]}}

<div class="wp-block-columns is-layout-flex wp-container-core-columns-is-layout-1 wp-block-columns-is-layout-flex">
<div class="wp-block-column is-layout-flow wp-block-column-is-layout-flow" style="flex-basis:50%">
<p>O congresso anual da EASP acontecerá novamente em São José dos Campos, no mesmo endereço (Hotel Ema Palace) entre os dias 26 e 27 de setembro de 2026.</p>



<p><br>O tema do evento deste ano será <em>“Esperanto e as relações pessoais na era digital”.</em></p>



<p><br>Para mais informações, visite a página do 18º Congresso Paulista de Esperanto.</p>



<div class="wp-block-advgb-button alignnone is-style-squared"><a class="wp-block-advgb-button_link advgbbtn-2e1cdd21-9e52-487a-a4a1-32fdbacace55" href="https://evento.easp.org.br" target="_blank" rel="noopener noreferrer"><span>Página do evento</span></a></div>
</div>



<div class="wp-block-column is-layout-flow wp-block-column-is-layout-flow" style="flex-basis:50%">
<figure class="wp-block-image size-full is-resized"><a href="https://evento.easp.org.br" target="_blank" rel="noreferrer noopener"><img loading="lazy" decoding="async" width="500" height="707" src="https://easp.org.br/asocio/wp-content/uploads/2026/04/mcartaz_18sjc.jpeg" alt="" class="wp-image-5137" style="width:277px;height:auto" srcset="https://easp.org.br/asocio/wp-content/uploads/2026/04/mcartaz_18sjc.jpeg 500w, https://easp.org.br/asocio/wp-content/uploads/2026/04/mcartaz_18sjc-212x300.jpeg 212w" sizes="(max-width: 500px) 100vw, 500px" /></a></figure>
</div>
</div>



<p></p>
<style class="advgb-styles-renderer">.advgbbtn-2e1cdd21-9e52-487a-a4a1-32fdbacace55{font-size:18px;color:#fff !important;background-color:#2196f3 !important;margin:0px 0px 0px 0px !important;padding:10px 30px 10px 30px;border-width:1px !important;border-style:none;border-radius:50px !important;}.advgbbtn-2e1cdd21-9e52-487a-a4a1-32fdbacace55:hover{box-shadow:1px 1px 12px 0px #ccc;opacity:1;transition:all 0.2s ease;}.advgbbtn-2e1cdd21-9e52-487a-a4a1-32fdbacace55 > i {display: none !important;}</style>

<p>O congresso anual da EASP acontecerá novamente em São José dos Campos, no mesmo endereço (Hotel Ema Palace) entre os dias 26 e 27 de setembro de 2026. O tema do evento deste ano será “Esperanto e as relações pessoais na era digital”. Para mais informações, visite a página do 18º Congresso Paulista de Esperanto.</p>

Publicado 3 anos atrás

Atualizado 2 semanas atrás
