{"id":2747,"date":"2018-07-30T19:39:58","date_gmt":"2018-07-30T22:39:58","guid":{"rendered":"http:\/\/easp.org.br\/asocio\/?page_id=2747"},"modified":"2025-02-25T17:29:30","modified_gmt":"2025-02-25T20:29:30","slug":"diretoria","status":"publish","type":"page","link":"https:\/\/easp.org.br\/asocio\/diretoria\/","title":{"rendered":"Diretoria"},"content":{"rendered":"<p>Membros da diretoria da Associa\u00e7\u00e3o Paulista de Esperanto para o tri\u00eanio 2025-2028<\/p>\n<p>Presidente: <em>Esmeraldo A. de Alencar Lima<\/em><br \/>\nVice-presidente: <em>Cristina Claudia de Graaf<\/em><br \/>\nSecret\u00e1ria: <em>Concei\u00e7\u00e3o Rodrigues<\/em><br \/>\nTesoureiro: <em>Jos\u00e9 Roberto Ten\u00f3rio<\/em><\/p>\n<p><strong>Conselho Fiscal<\/strong><br \/>\n<em>Paulo Sergio Viana<\/em><br \/>\nJos\u00e9 Mauro Progiante<\/p>\n<p><strong>Suplente<br \/>\n<\/strong>Audino Castelo Branco<\/p>\n","protected":false},"excerpt":{"rendered":"<p>Membros da diretoria da Associa\u00e7\u00e3o Paulista de Esperanto para o tri\u00eanio 2025-2028 Presidente: Esmeraldo A. de Alencar Lima Vice-presidente: Cristina Claudia de Graaf Secret\u00e1ria: Concei\u00e7\u00e3o Rodrigues Tesoureiro: Jos\u00e9 Roberto Ten\u00f3rio Conselho Fiscal Paulo Sergio Viana Jos\u00e9 Mauro Progiante Suplente Audino Castelo Branco<\/p>\n","protected":false},"author":2,"featured_media":0,"parent":0,"menu_order":0,"comment_status":"closed","ping_status":"closed","template":"","meta":{"advgb_blocks_editor_width":"","advgb_blocks_columns_visual_guide":"","footnotes":""},"class_list":["post-2747","page","type-page","status-publish","hentry"],"coauthors":[],"author_meta":{"author_link":"https:\/\/easp.org.br\/asocio\/author\/redaktanto\/","display_name":"Redaktanto"},"relative_dates":{"created":"Publicado 8 anos atr\u00e1s","modified":"Atualizado 1 ano atr\u00e1s"},"absolute_dates":{"created":"Publicado em 30\/07\/2018","modified":"Atualizado em 25\/02\/2025"},"absolute_dates_time":{"created":"Publicado em 30\/07\/2018 19:39","modified":"Atualizado em 25\/02\/2025 17:29"},"featured_img_caption":"","featured_img":false,"series_order":"","_links":{"self":[{"href":"https:\/\/easp.org.br\/asocio\/wp-json\/wp\/v2\/pages\/2747"}],"collection":[{"href":"https:\/\/easp.org.br\/asocio\/wp-json\/wp\/v2\/pages"}],"about":[{"href":"https:\/\/easp.org.br\/asocio\/wp-json\/wp\/v2\/types\/page"}],"author":[{"embeddable":true,"href":"https:\/\/easp.org.br\/asocio\/wp-json\/wp\/v2\/users\/2"}],"replies":[{"embeddable":true,"href":"https:\/\/easp.org.br\/asocio\/wp-json\/wp\/v2\/comments?post=2747"}],"version-history":[{"count":6,"href":"https:\/\/easp.org.br\/asocio\/wp-json\/wp\/v2\/pages\/2747\/revisions"}],"predecessor-version":[{"id":5008,"href":"https:\/\/easp.org.br\/asocio\/wp-json\/wp\/v2\/pages\/2747\/revisions\/5008"}],"wp:attachment":[{"href":"https:\/\/easp.org.br\/asocio\/wp-json\/wp\/v2\/media?parent=2747"}],"curies":[{"name":"wp","href":"https:\/\/api.w.org\/{rel}","templated":true}]}}

<p>Membros da diretoria da Associação Paulista de Esperanto para o triênio 2025-2028</p>
<p>Presidente: <em>Esmeraldo A. de Alencar Lima</em><br />
Vice-presidente: <em>Cristina Claudia de Graaf</em><br />
Secretária: <em>Conceição Rodrigues</em><br />
Tesoureiro: <em>José Roberto Tenório</em></p>
<p><strong>Conselho Fiscal</strong><br />
<em>Paulo Sergio Viana</em><br />
José Mauro Progiante</p>
<p><strong>Suplente<br />
</strong>Audino Castelo Branco</p>

<p>Membros da diretoria da Associação Paulista de Esperanto para o triênio 2025-2028 Presidente: Esmeraldo A. de Alencar Lima Vice-presidente: Cristina Claudia de Graaf Secretária: Conceição Rodrigues Tesoureiro: José Roberto Tenório Conselho Fiscal Paulo Sergio Viana José Mauro Progiante Suplente Audino Castelo Branco</p>

Publicado 8 anos atrás

Atualizado 1 ano atrás
